12 and c.
6
Suppose 0 = -0*r + 2*r - 2*b - 306, 4*b + 16 = 0. Suppose -12*u = -689 + r. Let v = 58 + -40. Calculate the highest common factor of v and u.
9
Let u(m) = 4*m + 37. Let x be u(20). What is the highest common factor of x and 195?
39
Suppose -53*i = -13*i - 104920. Calculate the highest common divisor of i and 61.
61
Suppose -5*z = 593*i - 596*i + 52, 5*z = -2*i - 7. Calculate the highest common factor of i and 25.
1
Suppose 0 = -16*n - 166 + 998. Calculate the highest common divisor of n and 182.
26
Let y = -20 - -34. Suppose 3*i + 6 = -3*o, -2 - 2 = -2*i. Let w = o + 18. Calculate the highest common factor of y and w.
14
Let i(x) be the third derivative of x**4/6 - 5*x**3/3 + 6*x**2. Let r be i(4). What is the greatest common factor of r and 42?
6
Suppose 7*j - 3*j = -48. Let v = 29 + j. Let h = v - 2. Calculate the greatest common divisor of h and 165.
15
Let f(g) = -2*g**3 + g**2 + 20. Let u be f(0). Suppose -2*r - 179 = -639. Suppose 0 = -5*s + r - u. Calculate the highest common factor of 14 and s.
14
Suppose 398*l = 402*l - 1472. Calculate the greatest common divisor of l and 16.
16
Suppose -14*r + 878 + 12156 = 0. Calculate the highest common factor of r and 19.
19
Let q(t) = -5*t - 64. Let z(x) = x + 13. Let k(w) = 4*q(w) + 22*z(w). Let y be k(-6). Calculate the highest common divisor of 4 and y.
2
Let s(m) = m + 38. Let b be s(-26). What is the highest common divisor of 21 and b?
3
Suppose -14*q + 3552 - 1326 = 0. Calculate the highest common divisor of q and 53.
53
Let g(f) = -f**3 + 7*f**2 + 60*f - 411. Let r be g(7). Suppose 74 = y - 7. Calculate the highest common divisor of y and r.
9
Suppose -5*n + 10 + 15 = 0. Let p = -9 - n. Let u = -1 - p. What is the highest common factor of 13 and u?
13
Suppose 5*k = -0*k + 40. Let h(q) = 4*q - 10. Let f be h(k). Let p = 439 - 197. Calculate the greatest common divisor of f and p.
22
Let k be (-133)/57 - (-1)/3. Let j be (-6)/6*(-30 + k - 1). What is the highest common divisor of 77 and j?
11
Suppose 2*i - 184 = -4*y, -192 = -4*y + i - 5*i. Suppose 6*j = g + j - 120, 2*j = -5*g + 546. Calculate the highest common factor of y and g.
22
Let q be 85/25 - (-2)/(-5). Let g(p) = 6*p - 7 + 2*p - 13*p + 4*p**2 + 8*p. Let u be g(q). Calculate the greatest common factor of 19 and u.
19
Suppose 3 = 2*n - 1. Suppose -p + 6 = n*p. What is the highest common factor of 14 and p?
2
Let l be 4 - (-7)/7*302. What is the greatest common divisor of l and 54?
18
Let m(n) = -n**3 + 6*n**2 - 2*n - 1. Let s be m(4). Let x be (-67)/(-1 + 2) - 2. Let k be (-224)/42*x/2. Calculate the highest common factor of s and k.
23
Suppose -2*v = 5*q + 78, 0 = q + 6*v - 2*v + 30. Let n = q - -20. Suppose -n*d = -325 + 91. Calculate the greatest common divisor of 13 and d.
13
Suppose 0 = -2*w + 5*v + 57, 4*w + 5*v = -0*v + 39. Let f(d) = -20*d. Let g be f(-4). What is the highest common factor of g and w?
16
Let w be (0 - 2 - -16) + 0. Let q be ((-8)/12)/((-4)/(-6)) - -1. Suppose q = -9*s + 4*s + 350. Calculate the greatest common factor of w and s.
14
Let c = -12 + 13. Let b be ((-16)/4)/(-1)*c. Suppose -3*f + b*s + 57 = 2*f, -6 = f + 5*s. What is the greatest common divisor of 9 and f?
9
Suppose -6*g + t = -2*g - 169, -2*t + 40 = g. Calculate the highest common divisor of 70 and g.
14
Suppose 0 = 4*c + r - 282, -2*c + 0*c - r + 142 = 0. Let w be (-1)/(-5) - 98/(-10). Calculate the highest common factor of w and c.
10
Suppose -11 = p - 4*k - 0*k, 0 = 5*p - k - 21. Let m be (-168)/70*p/(-2). Calculate the highest common divisor of m and 60.
6
Let r be 208/1560 + 176/30. Calculate the greatest common factor of r and 34.
2
Suppose -1392 = -37*c - 21*c. What is the highest common factor of 60 and c?
12
Let h = 34 + -24. Let s = 26 - 24. Suppose 5*k = s*u + 23, k - 2*k - u = -6. Calculate the greatest common factor of h and k.
5
Suppose 33*w = 42*w - 702. Calculate the greatest common factor of w and 65.
13
Let y be (13 + 135/(-9))*(-195)/2. Calculate the greatest common factor of y and 315.
15
Suppose s - 8 = -4*y, 7*y - 28 = -2*s + 2*y. Suppose -2*d + 386 = c, -15*d + 12*d + 582 = 3*c. What is the greatest common factor of s and d?
24
Suppose 7*u + 20 = 8*u. Let s = u + 34. What is the greatest common factor of s and 81?
27
Let n(q) = -2*q**2 - 3*q. Let g be n(-2). Let m be (-3)/g*32*(-3)/(-9). Calculate the highest common divisor of 112 and m.
16
Let p(m) = 5*m**2 + m - 1. Let s be p(1). Let q = 22 - 40. Let b = -8 - q. Calculate the greatest common factor of s and b.
5
Let s = -450 + 468. Calculate the greatest common factor of 18 and s.
18
Suppose -x - 2 = 0, 3*x - 6*x = 2*u - 18. Calculate the highest common factor of u and 15.
3
Let t = 342 - 309. What is the highest common factor of 6 and t?
3
Suppose -18*f - 941 + 2453 = 0. What is the greatest common factor of 6 and f?
6
Suppose -11*u + 22 = -0*u. Let t be (-4)/8 + 195/u + 2. Calculate the highest common factor of t and 9.
9
Suppose y + 5*z - 3 = 0, 0*y - 4*z = -y - 6. Let k be 44/y*(0 + -1). Calculate the greatest common divisor of 198 and k.
22
Let p = -19 - -22. Let c = 64 + -31. What is the greatest common factor of p and c?
3
Let f(k) = 5*k**2 + 2*k - 3. Let l = 18 + -20. Let c be f(l). Calculate the highest common divisor of c and 117.
13
Let h = -730 - -1045. Let j = 34 - 11. Let s = j + 12. What is the highest common divisor of h and s?
35
Let l(q) = 78*q - 325. Let j be l(5). Calculate the greatest common factor of 25 and j.
5
Let a = 2 + 10. Let l be -2*(-1 - 4 - 13). Calculate the greatest common divisor of a and l.
12
Suppose -4*f = -5*p + 190, 2*f - 54 = -2*p + 4. Let g = p - 24. What is the highest common factor of g and 80?
10
Let k(r) = 4*r**2 - 6*r - 5. Let y be k(-1). Suppose 3*h - 2*g + 3 = 0, 2 = -y*h + h + 2*g. Calculate the greatest common factor of h and 4.
1
Let x be (-52)/(-14) - 4 - (-395)/35. Suppose -2*y = 5*l + 82, y - 22 = 2*l - l. Let i be (-2 - (2 - l))*-2. Calculate the greatest common factor of i and x.
11
Let o(y) = 8*y + 62. Let s be o(10). Calculate the highest common factor of 2 and s.
2
Suppose -2*i + 28 = 2*l, -82 = -3*i - 76. Calculate the greatest common factor of l and 522.
6
Let c be (4/5)/((-6)/15). Let z be c/((-3)/(-2) + -2). Suppose 0 = z*t + 98 - 314. What is the highest common factor of t and 9?
9
Let m = 429 + -75. Suppose 136 = 2*i + 5*s - 23, 5*i - 2*s = m. What is the greatest common factor of i and 24?
24
Let u = 0 - -7. Let s(q) = -q**3 + 9*q**2 - 5*q - 11. Let g be s(u). Calculate the highest common factor of g and 78.
26
Let f be 72/20*(-100)/(-3). What is the highest common divisor of f and 90?
30
Suppose -o + 4*a + 79 = 8, 6 = -3*a. What is the highest common factor of o and 525?
21
Let b be 6/(-10) + 96/(-40). Let n be (-2)/(b/(-58)*(-6)/18). Calculate the greatest common divisor of 29 and n.
29
Let j = 849 + -847. Calculate the greatest common divisor of 134 and j.
2
Let h = -66 - -122. Suppose 5 = -x + 2*k, x - 3*k + 1 = -3. Let w = 133 - x. Calculate the greatest common divisor of w and h.
28
Let g = -2 + 3. Suppose g = 4*p + 5*b - 25, -5*p = 3*b - 39. What is the highest common factor of 81 and p?
9
Let h = -54 + 78. Let f be (-6 + 3)*16/3. Let q be (-2 + 3)*(0 - f). What is the greatest common divisor of h and q?
8
Suppose 0 = 3*a - 3*n - 516, 8*a - 5*a = n + 522. Calculate the highest common factor of 100 and a.
25
Let b be ((-210)/(-56))/(1/4). What is the greatest common factor of 20 and b?
5
Let l(v) = 51*v - 16 - 123*v + 50*v. Let o be l(-2). What is the greatest common divisor of o and 4?
4
Suppose -4*c - c + 172 = -4*h, h + 67 = 2*c. Let w = -31 + c. Calculate the highest common factor of 4 and w.
1
Let k = -1506 + 1554. What is the highest common factor of 24 and k?
24
Let d be (3/(-5))/(3/(-45)). Suppose 0 = 4*g - 15 - d. Let u be (-8)/(-3)*(-891)/(-36). What is the highest common factor of u and g?
6
Let s = 61 + -92. Let r = s - -48. What is the greatest common factor of r and 34?
17
Suppose 0 = -2*g - d + 65, 3*g + 31 - 106 = 3*d. Let f = -2532 - -2682. Calculate the highest common divisor of f and g.
30
Suppose -2*z - 2*z = -816. Suppose 0*m = -6*m + z. What is the highest common divisor of m and 306?
34
Let f(m) = -6 - 2*m + 0 + 0*m. Let l be (28/10)/(6/(-15)). Let z be f(l). Ca